 is divided by 972?
167
What is the remainder when 56041 is divided by 1474?
29
Calculate the remainder when 61515 is divided by 95.
50
Calculate the remainder when 10362 is divided by 24.
18
Calculate the remainder when 5113 is divided by 1114.
657
What is the remainder when 1034 is divided by 595?
439
Calculate the remainder when 71036 is divided by 17699.
240
Calculate the remainder when 10221 is divided by 33.
24
Calculate the remainder when 6257 is divided by 228.
101
What is the remainder when 351215 is divided by 162?
161
Calculate the remainder when 134424 is divided by 1304.
112
What is the remainder when 31518 is divided by 19?
16
Calculate the remainder when 4519 is divided by 519.
367
Calculate the remainder when 2800 is divided by 695.
20
Calculate the remainder when 78201 is divided by 25875.
576
Calculate the remainder when 79796 is divided by 190.
186
Calculate the remainder when 699 is divided by 90.
69
Calculate the remainder when 13640 is divided by 13.
3
What is the remainder when 19838 is divided by 40?
38
What is the remainder when 2831 is divided by 40?
31
What is the remainder when 1020 is divided by 330?
30
What is the remainder when 46185 is divided by 129?
3
Calculate the remainder when 12646 is divided by 12626.
20
What is the remainder when 122042 is divided by 61016?
10
What is the remainder when 168638 is divided by 27?
23
Calculate the remainder when 5493 is divided by 97.
61
Calculate the remainder when 411 is divided by 20.
11
Calculate the remainder when 684218 is divided by 1244.
18
Calculate the remainder when 17891 is divided by 13.
3
What is the remainder when 100454 is divided by 197?
181
What is the remainder when 238288 is divided by 99?
94
What is the remainder when 24157 is divided by 1280?
1117
What is the remainder when 1916822 is divided by 5?
2
What is the remainder when 409383 is divided by 41?
39
Calculate the remainder when 993 is divided by 364.
265
What is the remainder when 52185 is divided by 614?
609
Calculate the remainder when 544 is divided by 131.
20
Calculate the remainder when 6298 is divided by 65.
58
Calculate the remainder when 14314 is divided by 7143.
28
Calculate the remainder when 62831 is divided by 178.
175
What is the remainder when 68047 is divided by 4536?
7
What is the remainder when 104801 is divided by 27?
14
Calculate the remainder when 745414 is divided by 203.
201
What is the remainder when 22827 is divided by 7559?
150
What is the remainder when 16626 is divided by 133?
1
Calculate the remainder when 39187 is divided by 47.
36
What is the remainder when 28550 is divided by 1092?
158
Calculate the remainder when 435809 is divided by 9079.
17
Calculate the remainder when 84297 is divided by 113.
112
What is the remainder when 74556 is divided by 606?
18
Calculate the remainder when 302748 is divided by 2727.
51
Calculate the remainder when 86441 is divided by 91.
82
What is the remainder when 8439 is divided by 234?
15
What is the remainder when 33951 is divided by 11312?
15
What is the remainder when 4189 is divided by 48?
13
Calculate the remainder when 310371 is divided by 325.
321
What is the remainder when 45259 is divided by 155?
154
Calculate the remainder when 1117376 is divided by 30.
26
What is the remainder when 6835 is divided by 171?
166
What is the remainder when 23663 is divided by 18?
11
Calculate the remainder when 54282 is divided by 237.
9
What is the remainder when 3094 is divided by 1569?
1525
What is the remainder when 5788 is divided by 34?
8
Calculate the remainder when 68938 is divided by 34425.
88
What is the remainder when 2693 is divided by 1211?
271
Calculate the remainder when 307499 is divided by 250.
249
Calculate the remainder when 6056263 is divided by 489.
487
What is the remainder when 6701 is divided by 6682?
19
Calculate the remainder when 30215 is divided by 502.
95
Calculate the remainder when 53598 is divided by 12.
6
Calculate the remainder when 930611 is divided by 221.
201
What is the remainder when 372 is divided by 195?
177
Calculate the remainder when 2047 is divided by 491.
83
What is the remainder when 1091 is divided by 1081?
10
Calculate the remainder when 106463 is divided by 1.
0
What is the remainder when 356251 is divided by 122?
11
Calculate the remainder when 46173 is divided by 2007.
12
What is the remainder when 249475 is divided by 405?
400
What is the remainder when 14468 is divided by 830?
358
What is the remainder when 31365 is divided by 3481?
36
What is the remainder when 26664 is divided by 7?
1
Calculate the remainder when 749 is divided by 213.
110
What is the remainder when 173784 is divided by 10222?
10
What is the remainder when 2695 is divided by 61?
11
Calculate the remainder when 25669 is divided by 131.
124
What is the remainder when 8724 is divided by 1991?
760
What is the remainder when 79710 is divided by 94?
92
Calculate the remainder when 22545 is divided by 22.
17
Calculate the remainder when 28941 is divided by 32.
13
Calculate the remainder when 15230 is divided by 7598.
34
What is the remainder when 1056876 is divided by 163?
147
Calculate the remainder when 217694 is divided by 511.
8
Calculate the remainder when 402 is divided by 383.
19
Calculate the remainder when 3312060 is divided by 448.
444
Calculate the remainder when 2514 is divided by 2420.
94
What is the remainder when 5678 is divided by 5615?
63
What is the remainder when 24747 is divided by 806?
567
What is the remainder when 36046 is divided by 336?
94
Calculate the remainder when 2987 is divided by 250.
237
Calculate the remainder when 247613 is divided by 724.
5
What is the remainder when 10216 is divided by 511?
507
Calculate the remainder when 9477 is divided by 3157.
6
Calculate the remainder when 8336 is divided by 97.
91
What is the remainder when 1577 is divided by 662?
253
What is the remainder when 198044 is divided by 425?
419
Calculate the remainder when 3245 is divided by 578.
355
Calculate the remainder when 1735 is divided by 577.
4
What is the remainder when 4921 is divided by 32?
25
What is the remainder when 11617 is divided by 104?
73
What is the remainder when 239449 is divided by 390?
379
What is the remainder when 65767 is divided by 9?
4
What is the remainder when 67895 is divided by 20?
15
Calculate the remainder when 2437421 is divided by 348202.
7
What is the remainder when 48405 is divided by 214?
41
Calculate the remainder when 19564 is divided by 455.
454
What is the remainder when 505 is divided by 229?
47
Calculate the remainder when 5989 is divided by 462.
445
What is the remainder when 23105 is divided by 2307?
35
What is the remainder when 952760 is divided by 12?
8
Calculate the remainder when 15920 is divided by 15855.
65
Calculate the remainder when 36059 is divided by 801.
14
Calculate the remainder when 25788 is divided by 537.
12
Calculate the remainder when 70153 is divided by 4.
1
Calculate the remainder when 5020 is divided by 2237.
546
Calculate the remainder when 5886 is divided by 379.
201
What is the remainder when 21742 is divided by 146?
134
What is the remainder when 17074 is divided by 478?
344
What is the remainder when 23423 is divided by 1690?
1453
Calculate the remainder when 9934 is divided by 661.
19
What is the remainder when 40792 is divided by 16?
8
Calculate the remainder when 1724 is divided by 28.
16
What is the remainder when 34694 is divided by 3468?
14
Calculate the remainder when 13872 is divided by 5.
2
What is the remainder when 661525 is divided by 27?
25
What is the remainder when 35218 is divided by 41?
40
What is the remainder when 5511 is divided by 64?
7
Calculate the remainder when 24417 is divided by 1356.
9
Calculate the remainder when 75491 is divided by 37708.
75
What is the remainder when 14656 is divided by 2818?
566
What is the remainder when 3766 is divided by 1781?
204
What is the remainder when 86673 is divided by 203?
195
What is the remainder when 5758 is divided by 1389?
202
Calculate the remainder when 402489 is divided by 22.
21
Calculate the remainder when 2512 is divided by 93.
1
What is the remainder when 2542 is divided by 519?
466
What is the remainder when 5328 is divided by 1704?
216
What is the remainder when 1683 is